6). What are the prime factors of h/x*54/(-36)?
2, 43
What are the prime factors of 6 + -5 + -7 - (-15204 - -1)?
7, 13, 167
Let d(h) = 10*h**2 + 4*h + 12. Let c be d(7). Suppose 0 = -2*t + u + c, t - 5*u + 4*u - 267 = 0. List the prime factors of t.
263
Suppose 3*i + 8693 = b, 0 = 4*b - 5*b - 4*i + 8658. List the prime factors of b.
2, 4339
Let w = 10848 - -36. What are the prime factors of w?
2, 3, 907
Let u = -27 - -63. Suppose -9*w + 432 = -441. Let f = w + u. List the prime factors of f.
7, 19
Let k(j) = -1638*j + 3481. List the prime factors of k(-19).
34603
Suppose -h = -5*d - 21656, -h = d - 18059 - 3633. What are the prime factors of h?
2, 7, 1549
Let c be (0/((-3)/(-9)*-3))/1. Suppose -6*o + 1523 + 1 = c. List the prime factors of o.
2, 127
Let n(c) = 4921*c + 159. List the prime factors of n(1).
2, 5, 127
Let y(u) = u**2 - 25*u + 7. Let s be y(12). Let a = s + 697. What are the prime factors of a?
2, 137
Let v be ((-36)/(-42))/(15/35). Suppose 5*u - 10*u + 2025 = -4*j, v*j = 0. List the prime factors of u.
3, 5
Let m(r) = -r + 12. Let b be m(7). Suppose 0 = -5*u - 4*j + 51, -2*u = -3*u - b*j + 27. Let g(n) = 6*n - 9. What are the prime factors of g(u)?
3, 11
Suppose -3*o = o - 80. Let d = -20 + o. Suppose d = -h + 47 + 44. What are the prime factors of h?
7, 13
List the prime factors of (-22)/(-2) + (-5 - -18673).
18679
Let a = 8670 + -7494. What are the prime factors of a?
2, 3, 7
Let w = 1350 + -476. Suppose -3*m = 3, -2*m = -3*l + 2*m + w. List the prime factors of l.
2, 5, 29
Suppose -39*h + 0*h = -351. Suppose 0 = -3*d + 2*m + 3882, -2*m - 1298 = -h*d + 8*d. List the prime factors of d.
2, 17, 19
Suppose 0 = 1167*k - 1182*k + 144645. What are the prime factors of k?
9643
Suppose 3*m = 5*d - 92061, 45*d + m = 47*d - 36824. List the prime factors of d.
3, 17, 19
Suppose -4*a - 2*l - 4 = 0, -a + 1 = l + 2. Let s = a + -1. Let q(r) = 13*r**2 - 5*r - 1. List the prime factors of q(s).
61
Let g = 8675 + -6034. Let a = -1034 + g. What are the prime factors of a?
1607
Suppose -2*m - 1001 + 18808 = -6145. What are the prime factors of m?
2, 3, 499
Suppose 2*n = 2*a + 3*a - 1741, -4*a + 1391 = -n. Let j = a - 24. What are the prime factors of j?
17, 19
Let x = 1885 + -1171. Suppose q + 4*q - 4*y - x = 0, 0 = -q - y + 141. Let w = q - -43. What are the prime factors of w?
5, 37
Suppose -3*o + 3*n = -162, 84 = 5*o + n - 198. Let s = o - 39. Let j = 12 + s. List the prime factors of j.
29
Let c be (1 + 4/(-12))/(10/2370). Let f = 163 + c. What are the prime factors of f?
3, 107
Let g(a) = 4*a**3 - 56*a**2 + 11*a + 29. Let c be g(13). Let t = 422 - c. What are the prime factors of t?
2, 463
Suppose -4*u + 73 = q, u + 26*q - 29*q - 2 = 0. Suppose -u*d - 32 = -18*d. What are the prime factors of d?
2
Let x be (-7)/(28/(-9192)) - -6. Suppose 6*k = -2*k + x. List the prime factors of k.
2, 3
Suppose -3*j + 696*m - 691*m + 120513 = 0, 5*j - 4*m = 200881. List the prime factors of j.
23, 1747
Let b = -57 - -109. Suppose 2*s - 4 = x + 1, -3*s + 7 = -x. Suppose 0 = s*q - b - 154. What are the prime factors of q?
103
Suppose 19*f = 20*f + 11. Let q(l) = -l**3 - 8*l**2 - 15*l + 30. List the prime factors of q(f).
2, 3, 31
Suppose 0 = 5*p - 12 + 2. List the prime factors of p/(6/1446*(0 - -2)).
241
Let b(q) = -164*q**3 - 15*q**2 - 17*q - 19. List the prime factors of b(-5).
61, 331
Suppose 181*p - 3*l + 8851 = 182*p, -3 = 3*l. What are the prime factors of p?
2, 19, 233
Let y(t) = -419*t - 4563. What are the prime factors of y(-17)?
2, 5
Suppose -3*s - 7 = 2*r - 30, s = 4*r - 67. Let m be (-2)/16 + 34/r. Suppose 5*p - 195 = i - 6*i, -m*p + 5*i + 106 = 0. List the prime factors of p.
43
Let u(f) = -101*f**2 - 5*f - 1. Let k be u(1). Let x = 754 + k. What are the prime factors of x?
647
Suppose 1242 = -23*n + 4623. Let t = 257 - n. What are the prime factors of t?
2, 5, 11
Suppose m = 3*m - 4*b + 58, 3*m = -4*b - 97. Let z = 35 + m. Suppose z*s = -12, 2*s + s = 5*n - 364. List the prime factors of n.
71
Suppose 117589 - 57285 = 8*n - 103896. List the prime factors of n.
5, 821
Suppose 0 = 5*i + 166 + 134. Let r = 1028 + -1178. Let q = i - r. List the prime factors of q.
2, 3, 5
Suppose -3*x = x - 12, 2*o - 978 = 2*x. Let k = 883 - o. Suppose -6*c + 53 = -k. What are the prime factors of c?
2, 37
Let l(k) = 17076*k**2 + 4*k + 3. What are the prime factors of l(-1)?
5, 683
Suppose 0 = -14*u + 12*u + 4560. Suppose 40*c + u = 46*c. List the prime factors of c.
2, 5, 19
Let m = 71 + 69. Let d be 6 - -1 - m/28. Suppose 268 = d*b + 2*t - 2, -3*b - 2*t + 404 = 0. List the prime factors of b.
2, 67
Let p(y) = -72*y + 29. Let s be p(7). Let k = s + 797. List the prime factors of k.
2, 7, 23
List the prime factors of (-3012 - 0)/(1 - (-85)/(-70)).
2, 7, 251
Suppose 0 = -f - 2, -3*o + 15 = -4*f - 23. Suppose 5*m - 79 = -q, 11*m - 515 = -5*q + o*m. What are the prime factors of q?
2, 13
Let b = 43 - 43. Suppose 7*u - 144 - 150 = b. What are the prime factors of 271/3 + 0 - 14/u?
2, 3, 5
Suppose 42*i - 186278 = 788878. List the prime factors of i.
2, 13, 19, 47
Let i = 12 + -9. Suppose u = i*c - 19, -u + 21 = -2*u + 5*c. Let m = u + 68. What are the prime factors of m?
2, 13
Let k = 2283 - 3218. List the prime factors of 10*(-7)/(-420) + k/(-6).
2, 3, 13
Let s = -246 - -491. Let j = s + 90. What are the prime factors of j?
5, 67
Let o be (-1)/(2*4/(-3296)). Suppose 140 = 2*k - o. Let d = k + -197. List the prime factors of d.
79
Suppose 2*p + 2*z = 284, 0 = p + 4*z - 12 - 145. Suppose -4*m = -23 - p. Suppose -k = -13 - m. List the prime factors of k.
53
Let s be 98/28*(-12)/7. What are the prime factors of s/14 - (-1614)/42?
2, 19
Let u(j) = 304*j - 7060. What are the prime factors of u(98)?
2, 5683
Let o be -1 - (-1518)/(1 - -2). Let y = -422 - -425. Suppose -y*b = -4*p - 673, -2*b = 5*p + 64 - o. What are the prime factors of b?
223
Suppose -18*l + 12*l = -318. Suppose 0 = -49*g + l*g - 740. What are the prime factors of g?
5, 37
Let v(t) = -t**3 + 0*t**3 - t**2 + 3*t - 11 - 4*t**2. Let a be (5 - (-7)/(-7)) + -11. List the prime factors of v(a).
2, 3, 11
Let a(f) = 4*f**3 + 2*f**2 + 56. What are the prime factors of a(12)?
2, 907
What are the prime factors of (6/(-2))/(407031/(-45220) + 9)?
2, 5, 7, 19
Let t(i) = 1875*i + 488. What are the prime factors of t(8)?
2, 11
Let w(j) = 13727*j**2 - 40*j - 40. What are the prime factors of w(-1)?
7, 37, 53
Let k = -2346 + 10527. List the prime factors of k.
3, 101
What are the prime factors of 1 + 2*3040/10?
3, 7, 29
Let m = -110 + 110. Suppose m = 9*s - 6*s - 696. What are the prime factors of s?
2, 29
Let m = -1171 + 1766. Let n = m - 196. What are the prime factors of n?
3, 7, 19
Let j(d) = -11*d + 489. Let i be 0/((9/(-6))/(4/8)). What are the prime factors of j(i)?
3, 163
List the prime factors of ((-4)/(-46))/(-1) + 34370244/5934.
2, 181
Let t(s) = s**3 - 7*s**2 + 13*s - 7. Let g be t(5). Suppose 5396 = 5*y + 3*j, -6*y - 5*j - 2146 = -g*y. What are the prime factors of y?
2, 7, 11
Let j(p) be the third derivative of -p**4/3 - 37*p**3/6 - 17*p**2 - 36. Suppose 39 = -2*o - 7. What are the prime factors of j(o)?
3, 7
Let v(b) be the first derivative of 17*b**3/3 + b**2/2 + 9*b + 68. List the prime factors of v(-5).
3, 11, 13
Let o(b) = -b + 42. Let m be o(21). Suppose 9 = -3*q - m. What are the prime factors of q/45 + (-776)/(-9)?
2, 43
Suppose -4*l - 4*x + 544 = 0, -127 = -28*l + 27*l + 2*x. What are the prime factors of l?
7, 19
Suppose -3*h = -3*t - 127956, 3*t - 4 = -25. What are the prime factors of h?
3, 5, 2843
Let z(w) = -w**3 + 104*w**2 - 284*w + 427. List the prime factors of z(40).
3, 10163
Let k(u) = u**3 + 2*u**2 - 22*u + 5. Let z(i) = 7*i**2 + 6*i + 5. Let t be z(-1). List the prime factors of k(t).
7, 23
Let g(k) = -2*k**2 - 12*k - 5. Let m be g(-5). Suppose 4*r = -3*b - b - 256, -334 = m*r - 2*b. Let o = 84 + r. List the prime factors of o.
2, 3
Suppose 272 + 238 = -17*i. Let b = -28 - i. What are the prime factors of 1*(-129)/(-9)*(b + 10)?
2, 43
Let i(a) = 426*a - 214*a + 34 - a**2 + 51 - 209*a. What are the prime factors of i(9)?
31
Suppose 61122 + 29029 = 3*f - 4*p, -4*p + 120164 = 4*f. List the prime factors of f.
3, 5, 2003
Let l = 15 + -4. Suppose -l*v = -10*v + 4. List the prime factors of v/2